- -6?
8
Evaluate -7 - (-197 - -215 - (1 + 8 + 0)).
-16
Evaluate (0 - (-31 - 1)) + -16.
16
Evaluate (1 - -17) + 11 + -27.
2
Calculate 10 + -4 + (8 - 10) + -8.
-4
Calculate -7 - (28 + -15 + -30).
10
(-19 - -1) + 34 + 6 + -30
-8
Evaluate 8 + 1 - (-13 + 21 - -1) - -1.
1
Evaluate 11 + -7 + -24 + 13.
-7
What is (-7 + 0 + 3 - 2) + 2 + -4?
-8
5 - -10 - (-3 + -6)
24
Calculate -27 - -2 - (-3 - 2).
-20
What is (1 - (10 + -15)) + -11?
-5
21 - 42 - -45 - 24
0
Evaluate (1 - (21 + 9)) + 38.
9
14 - 19 - 3 - -10
2
Evaluate (-18 + 11 - -20) + -6.
7
Evaluate 8 + (-2 - (13 - -1)).
-8
-63 - -88 - (24 + -5)
6
What is -13 - (-15 + -4 + 26 + -14)?
-6
Evaluate (-1 + 2 - (-1 - -21)) + (11020 - 11021).
-20
5 + 8 - 17 - -19
15
Calculate -3 + (-253 - -264 - (18 - (0 - -1))).
-9
Calculate -34 + 7 + -51 + 87.
9
What is (-8 - -16 - 18) + 6 - 4?
-8
Calculate -5 + (-2 - (9 - 8)).
-8
What is the value of (23 - 14) + -28 + 16?
-3
Calculate (20 - ((-7 - -3) + 18 + -6)) + -8.
4
What is the value of -23 + -38 + 27 + 22?
-12
What is the value of 14 - 16 - -25 - 12?
11
Evaluate -2 - ((-17 - (-17 + 15)) + 2).
11
Evaluate (-14 - -6) + -19 + -1 + 6 + -7.
-29
What is 13 - (41 + -45) - (0 + 10)?
7
What is the value of -3 - 20 - -19 - (0 - -13) - -1?
-16
What is the value of (26 - 41) + 1 + 3?
-11
2 + (-15 - (3 + (-3 - 1) + 9))
-21
Evaluate 0 - 19 - (-6 + 4).
-17
40 + 29 + 5 + -49
25
What is -68 - -70 - -2 - (3 + 0)?
1
-20 + (71 - 35) + -1 + -24
-9
Evaluate 1 - (13 - -3) - 4.
-19
Evaluate -9 + (-8 - (-3 + (-2 - -7 - 6))).
-13
Calculate -5 - (-14 + (-2 - 4) + 0 + 5).
10
What is (38 + -25 - 15) + 26?
24
Calculate -5 + -3 + (-4 + 3 - 3).
-12
Evaluate 24 - 32 - (8 + -29).
13
Calculate (8 - (3 + 4)) + -2 - -6.
5
What is the value of 1 + -7 + (34 - (-14 + 17))?
25
7 - (4 + -10 - -18) - (-6 + 9)
-8
What is the value of (38 - -49) + -73 - (19 + 2)?
-7
What is 3 - (1 - -2 - (-4 - (5 - -3)))?
-12
(9 - 3) + -14 + 7 + -14
-15
Calculate -10 + 11 + 4 + -27.
-22
Calculate -13 + 9 + (-5 - -4) + 17.
12
Calculate (-9 - 6) + -8 + 35.
12
What is -29 - (-1 - -1 - -9 - 20)?
-18
What is the value of (15 + 2 + 4 + -7 - 2) + -6?
6
What is the value of -3 - 2 - (-18 - (0 - -1))?
14
Calculate 0 - (10 + -2 - (-4 + 21)).
9
Calculate -17 + (4 + 37 - 53).
-29
Calculate -4 + 0 + -6 + 2 + 0 - -5.
-3
Calculate -9 - (1 - 7 - (14 - 7 - 12)).
-8
Calculate (-8 - -25) + 13 + -18.
12
What is the value of -4 + ((-7 - 1) + 2 - 0)?
-10
Calculate (1 - 5) + 5 + -6.
-5
Evaluate 19 + 1 + (0 - 31).
-11
Calculate (-37 - (-62 + 33)) + 41.
33
Calculate -66 + 63 + (5 - 0) - -2.
4
What is the value of 1 + -5 + (0 - 0) - (-27 - -32)?
-9
What is 14 - (14 + (-17 - -31 - 10))?
-4
What is the value of (-13 - -20) + -2 + 1?
6
What is -1 + -4 + (26 - (11 + -7 - -2))?
15
What is 12 + -6 + 5 + (-2 - -5)?
14
Evaluate 4 + (1 - 19) + 402 + -392.
-4
Calculate (2 + 0 - 9) + 9 + 2.
4
What is the value of (-1 - -6 - -6) + (23 - 16)?
18
What is -24 + -8 + 27 + 3?
-2
What is (-34 - (6 + -1 + -16)) + 5?
-18
Evaluate -6 + (2 + -8 - 4).
-16
Evaluate 7 + -12 + -9 + -4 + 15.
-3
Evaluate 16 + 1 - (-8 + -8 + 17 - -4).
12
What is the value of -9 + (1 - 17) + 13?
-12
-2 + -5 - (-1 - -7) - -13
0
Calculate (4 - 7) + 4 + 3 - (-45 - -35).
14
Evaluate (84 - 98) + 0 + 21.
7
Evaluate (-2 + -3 - (-22 + 8) - -3) + 8.
20
Evaluate -19 + 12 + (4 - 1).
-4
What is (-3 + 46 - 25) + -2?
16
-13 + (2 - (37 + -19 + 9))
-38
Evaluate -3 + 10 + -5 + 0 + 6 + 4.
12
Evaluate -73 + 47 - (0 + -1 - 7).
-18
Calculate 3 + ((7 - 1) + (-15 - -20) - 4).
10
What is the value of 8 + (2 + 0 - 4) - (-8 + 6)?
8
Evaluate -5 - (2 - (-7 - 2 - (-34 - -22))).
-4
What is -1 - -13 - (-18 + -4 + 23)?
11
6 + (12 - 8) + -9 + -15
-14
-4 + 8 + -9 + (1 - 1)
-5
Calculate (9 - 0 - 10 - -6) + -10.
-5
Calculate -1 - (-37 + 30 - (-2 + 3)).
7
4 - (-5 - (-2 - (4 + -7 - -8)))
2
What is the value of -3 - (-16 - (-11 - (7 + (2 - 13))))?
6
What is 16 + 6 + -10 - 7?
5
Calculate (-13 - -6) + (32 - 42).
-17
What is -13 + -4 - (126 + -120)?
-23
Evaluate -4 + (-23 - -13) + 8.
-6
What is -7 + 1 + (-9 - (-4 - 0))?
-11
28 + (-17 - (-38 + 68))
-19
What is 13 + (-2 - 7) + 0 - (8 + -2)?
-2
Evaluate 11 - (2 - (-8 + 7 - -10)).
18
Evaluate 5 + (3 + -6 - (-9 + (0 - -3))).
8
Evaluate -42 - (-18 + (-4 - (-2 - 4))).
-26
What is -13 + (3 - -5) + -1 - (-11 - -1)?
4
What is (270 + -278 - (-16 - 0)) + 1 + -7?
2
What is -7 + 8 + 15 + (5 - 8)?
13
Calculate -39 - -38 - (0 + 1).
-2
What is the value of 4 + (4 - (-7 + 3))?
12
Evaluate -23 - (8 - 24 - 3).
-4
What is the value of -20 - (-5 - (10 - 7) - 4 - -5)?
-13
Evaluate (6 - -15 - 28) + 13.
6
Calculate 23 - 31 - 4 - (1 + 5) - 11.
-29
Evaluate -6 - 3 - -17 - ((1 - 2) + -1).
10
16 - 32 - (17 + -10)
-23
What is -17 - (8 + -3 - -11)?
-33
Evaluate (-12 - (-8 - -4)) + 5 - -11.
8
Evaluate (1 - -11) + (-9 + -3 + 6 - -4).
10
Calculate -32 + 6 + (-1 - (-4 + -1)).
-22
Calculate -37 + (20 - (-1 - (-3 + 1))).
-18
-3 - -3 - 7 - (-16 + -2)
11
Evaluate -23 + (25 - 23) - (-2 - -19).
-38
(-2 - (-1 - 2)) + (16 - -5) + -8
14
Calculate (121 - 126) + -1 + 11 + -28.
-23
Calculate 0 + (-12 - ((1 + -4 - -7) + 1)).
-17
12 + (-9 - 4) + (0 - 1)
-2
Calculate -1 - (-3 + -13 - -4).
11
What is -10 + (5 - -7) + 10?
12
3 - (-10 - 3 - -5)
11
(18 - 15) + 1 - (17 + 2)
-15
(21 - 19) + -10 + -7 + -17
-32
What is 371 + -363 - (1 + 13) - -14?
8
What is the value of -7 - ((10 - (-3 + 9)) + -2)?
-9
Evaluate 1 + (6 - ((17 - (6 - 8)) + -9)).
-3
(1 - -19) + -35 + 35 + (-4 - -1)
17
Calculate 10 - (10 + 2 + -4 - (21 - 21)).
2
Calculate -14 + -13 + 5 + 15.
-7
Calculate 10 - (-11 - (26 + -14 + -13)).
20
Calculate -15 - (17 + 18 + -36).
-14
Calculate 23 + (-34 - -12) + -2.
-1
Evaluate -3 - ((70 - 65) + (-6 - (-2 + 4))).
0
What is -26 + (-11 + 52 - 33)?
-18
What is 3 - -1 - (-28 - -4 - -39)?
-11
What is 1 + 58 - (1796 - 1762)?
25
(5 - 12) + 4 + 2 + 19
18
Evaluate 14 - 1 - -11 - (1 - -4 - 2).
21
What is -14 - ((-28 - 7) + -2)?
23
What is -27 - 19 - -57 - (2 - -22)?
-13
What is -17 - (27 + -53 - -18)?
-9
Evaluate 1103 - 1105 - (0 + 1).
-3
What is the value of 3 - (-12 + (-3 - -22)) - (-1 + 7)?
-10
What is 7 + 13 + 8 - 17?
11
Calculate -7 + 3 + (3 - 5) + (-53 - -44).
-15
Calculate -27 + 14 + 50 + 0.
37
What is -4 - (-10 + 18 + 0 - 1)?
-11
What is 7 - (-3 + (1 - -6))?
3
What is the value of 132 + -113 + (-10 - 1)?
8
23 + -37 + (-8 - (-43 - 8))
29
Evaluate (-92 - -95) + (-3 - ((2 - 0) + -1)).
-1
Evaluate (-7 - -32) + -4 + (-29 - -13).
5
Evaluate 75 + -81 - (-3 + (9 - 2)).
-10
What is the value of (-9 - -28 - 28) + -5?
-14
Evaluate 8 + (-8 - (2 - 4)) - -7.
9
What is the value of -7 + (-4 - (-2 + 4) - (1 + -1))?
-13
Evaluate 5 - (-12 + (31 - 18)).
4
Calculate 43 + -40 - (-1 + 4).
0
Evaluate 11 - (-3 + -6 + (6 - -2)).
12
(10 - 7) + 2 + -9 + 17
13
What is -2 - (8 - (24 + -10))?
4
Evaluate -20 + (0 - (-2 - 10)) + -2.
-10
What is -16 - (22 + -66 - -7)?
21
What is the value of (19 - 12 - 8) + -23?
-24
What is 0 - -30 - (11 - (-6 - -18) - -11)?
20
Calculate 12 - (-1 - (-18 - -6)).
1
Calculate 9 + -16 - (-20 - -3).
10
Calculate (0 + 1 - 2) + (34 - (-15 - -40)).
8
-14 + (-4 - -9) + 11
2
Calculate (-15 - (-34 + 14)) + -18.
-13
Calculate (6 - (-4 + 3)) + -5 - (16 + -1).
-13
What is the value of 9 - (10 + (4 - 8) + -3)?
6
Calculate 315 - 322 - (1 + (-1 - -1)).
-8
What is (-156 + 153 - (10 - 1)) + (-22 - 0)?
-34
What is 12 - 17 - 4 - (8 - -9)?
-26
24 - ((24 - 18) + 35)
-17
What is -4 + -1 - (-6 - 18 - -12 - -3)?
4
Evaluate 17 + -11 + 28 + (-2 - 15).
17
What is the value of -4 + (1 - (2 - 3)) + 24?
22
What is -16 + (-5 - (7 - 15)) - -5?
-8
Evaluate ((11 - -23) + -9 - -2) + -8.
19
Calculate 26 + -15 + -14 + -10 + 3.
-10
Calculate 1 + -2 - (17 - (-8 + 40)).
14
(-6 - 9) + -5 - -6
-14
What is 21 - -1 - (-44 + 49)?
17
0 + -44 - (-1954 + 1929)
-19
What is the value of -14 + 14 + -8 + 11?
3
What is (16 - 18 - (2 - 0)) + 0 + -5?
-9
Calculate -3 + -5 + (59 - 25).
26
Evaluate (-6 - (-5 + (-5 - 2))) + -18.
-12
-22 - ((-11 - 6) + 11)
-16
Evaluate 4 - (2 - -6) - ((-3 - -5) + 27).
-33
What is (39 - 6 - 39) + 37?
31
What is the value of -5 + -7 + (7 - -4 - (1 + -31))?
29
What is the value of 100 + -94 + (-10 - -5)?
1
What is the value of -429 + 433 + (-7 + 1 - -1)?
-1
What is the value of 0 - (10 - (-7 + 8 + -4))?
-13
-6 + 13 + (-11 - 5)
-9
What is (17 - 2) + 42 + -50 + 4?
11
What is